1. Is a(f) a composite number?
False
Is (-1*(-42)/(-3))/((-4)/254) a composite number?
True
Let t(k) = k**3 + 4*k**2 - 5. Let o be t(-4). Let g(f) = -4*f**3 + 3*f**2 - 2*f - 1. Let j be g(2). Is (-2830)/j - (-1)/o a prime number?
True
Let b = 2002 + -3453. Let u = b - -2304. Is u a composite number?
False
Let f be ((-27)/6)/((-3)/4). Let n be (-3)/(-9) + (-2)/f. Suppose n = 2*q - 2*w - 64 + 22, -2*q - 5*w = -28. Is q a composite number?
False
Let j(w) = w - 5. Let d be j(1). Is (-10)/d*(-24)/(-15) + 30 composite?
True
Suppose 4*k + 2*o + 49 = -33, 2*k - o + 31 = 0. Let p = -16 - k. Suppose p*v - z = -0*z + 42, -5*v - 2*z + 123 = 0. Is v a composite number?
False
Suppose -3*g - 4*h = -3*h - 14, -11 = 3*g - 4*h. Suppose 0*b + 6 = -g*b. Is 690/10*b/(-6) prime?
True
Suppose 79812 = 5*i + 30442. Is i prime?
False
Let x = 91538 - 31799. Is x a prime number?
False
Let o be ((483/(-6))/7)/(2/(-44)). Let p = o + -110. Is p prime?
False
Let x be -22*((-9)/6 + 1). Let p(t) = 0*t**3 - 12*t**2 + 3*t**3 - 2*t**3 - 29 + 11*t + 38. Is p(x) a composite number?
True
Suppose -2*u - 5*d - 24 = 0, u + 3*d - 8*d = 18. Let v = -74 - -484. Is u/(0 + (-4)/v) composite?
True
Suppose 3*v - 82451 = -14612. Is v composite?
False
Let j(n) = 33*n**2 - 2*n + 8. Let w be j(-5). Suppose r = -3*m - w, r + 66 = -m - 217. Let s = m + 611. Is s a prime number?
True
Let q = 1 - -5. Let o(u) = u**2 - 23. Is o(q) a prime number?
True
Let i = -28877 - -14663. Is (-2)/9 - i/54 a prime number?
True
Suppose 36566 = 24*b - 79282. Is b a prime number?
False
Is 54 + 6411 - (-2 + 1 - 3) a composite number?
False
Suppose 2*a - 14 = -2*g + 4*g, -a + 3*g + 11 = 0. Is 440/a + (-1 - 1) prime?
False
Suppose 3 = 2*k + 35. Let f(r) = 7*r + 7. Let l be f(5). Let y = k + l. Is y composite?
True
Suppose 0 = 5*a + 10, -5*t + 249951 = 18*a - 16*a. Is t composite?
False
Is 0 + -5 - 518/(-2) - -5 composite?
True
Let m = 33341 + -22006. Suppose -160*d - m = -165*d. Is d a prime number?
True
Let z(m) = m**2 - 3*m. Let b be z(4). Let h be b*(-4)/(-16)*5. Suppose -5*v + 38 = -u, -h*u = -3*u + 6. Is v a composite number?
False
Let s = 14640 - 6181. Is s a composite number?
True
Suppose 0 = p - 1700 + 503. Let y = p + 164. Is y composite?
False
Let s(n) = -n**3 + 8*n**2 + 9*n + 14. Let b be s(9). Is 4/b - 84375/(-35) composite?
False
Let v(s) = 81*s + 41. Let q be v(7). Suppose -2*h + 573 = w, 2*h = w - 3*h - q. Is w prime?
False
Suppose -5*q + 7 = w + 28, -w + q = 15. Let s(h) = h**3 + 18*h**2 + 7*h + 31. Is s(w) a composite number?
False
Let i(v) = -v**3 - v**2 + 20. Let f(s) = -s**2 - 6*s + 7. Let y be f(-7). Let a be i(y). Let p = 147 - a. Is p a prime number?
True
Is -7 + 283012/16 + 2/(-8) composite?
False
Let f = 21468 - 9121. Is f a composite number?
False
Let n(f) = f**3 - 9*f**2 - 10*f + 7. Let q be n(11). Suppose 0 = 3*h - 5*b - q, -49 = -h - 4*b - 14. Is h a composite number?
False
Suppose 718 = -2*i - 2*v + 7*v, 3*i - 5*v + 1087 = 0. Let y = i - -788. Is y composite?
False
Suppose 4*i = -2*n + 150, 3*i - 4*n - 12 - 73 = 0. Let x(v) = -10*v - i*v - 8 + 12*v. Is x(-7) prime?
True
Suppose -2040 = -5*u - 0. Suppose 0 = 4*x + u - 1684. Is x a composite number?
True
Is -6 + 6/((-66)/(-48367)) prime?
True
Suppose 4*o + o + 3927 = h, 4*h - 5*o - 15738 = 0. Suppose -14086*c = -14079*c - 8204. Suppose 5*d + c = h. Is d a composite number?
True
Let o(w) = w**3 + 6*w**2 + 2*w - 7. Let x be o(-5). Let c(r) = 5 - 3*r**2 + 4*r**2 - r + x*r. Is c(6) composite?
False
Suppose 12 = 5*o - o. Suppose -2*f + q + 0 = -29, -o*q = f - 4. Suppose 7*a + f = 8*a. Is a a prime number?
True
Let k(v) = v + 37. Let y be k(-15). Suppose -3*o + 7 - y = -3*f, 3*o + 18 = 2*f. Is (61 - o/2)/1 a composite number?
True
Suppose -20985 = -2*z - o, 3*z - 31470 = -6*o + 3*o. Is z a prime number?
False
Suppose -34032 = -44*k + 40*k + 5*m, -k + 8517 = m. Is k prime?
True
Let w(d) = 4*d**2 - d. Let z be w(2). Is ((-141)/(-6))/(1/z) composite?
True
Let v(b) = 48*b**2 - 22*b - 43. Is v(-11) composite?
False
Let d(o) = 20*o - 3. Let h(c) = -c - 1. Suppose 2 = 4*q + 6. Let n(g) = q*d(g) + 2*h(g). Is n(-1) prime?
True
Suppose 0 = 2*a + 4*t - 1776, -9 = -t - 4. Is a a prime number?
False
Let z(v) = v**2 + 5*v + 15. Suppose -3*o + x - 2*x - 39 = 0, -5*o - 5*x = 65. Is z(o) a composite number?
True
Let c = 391 + 48. Suppose 5846 + c = 5*j. Is j prime?
False
Let j be (-2)/(-10) + ((-1152)/30)/(-8). Suppose -j*a - 3*c + 4*c = -6781, -4*c - 4055 = -3*a. Is a a prime number?
False
Let g = -11525 - -16246. Suppose 4*n = -6*v + 2*v + 3780, 5*n = -3*v + g. Is n a composite number?
True
Suppose -g = 2*a - 1263 - 1274, g + 4*a = 2531. Is g a prime number?
True
Suppose -2*a = -5*m + 194519, -5*a + 101347 = 2*m + 23551. Is m a composite number?
False
Let i be 5 + -3 + (-80)/(-4). Let t = i - 22. Suppose -5*d + 1270 = -t*d. Is d prime?
False
Suppose 2*o = 6*o - 32. Let d be -46*((4 - 1 - 5) + 0). Is (d/(-6))/(o/(-84)) a prime number?
False
Suppose 3*c = 4*l + 46383, 4*l - 61863 = -4*c + 3*l. Suppose -37*x + 40*x = c. Is x prime?
False
Let v be (-219)/(-15) + (-12)/(-30). Let j be -6*((-55)/v + 3). Suppose 12 = -j*u, -131 = -4*t - 4*u + 281. Is t a composite number?
True
Is -956*(7 - (-75)/(-10)) prime?
False
Suppose 10516 = 106*b - 102*b. Is b prime?
False
Let d = -25 + 21. Let m(s) = 27*s**2 - 2*s + 3. Is m(d) composite?
False
Let o be (9 - 7) + 1 + 2. Suppose 0 = 5*x - 2*j - o - 10, 5*x - 30 = -j. Suppose 0 = y - x*f + 3*f - 66, 0 = -2*y + f + 120. Is y composite?
True
Suppose 927 = 4*n - 1225. Let x = n - 329. Is x a prime number?
False
Let w be (-3)/6 + 15/6. Let x be ((-23)/w)/(1/(-2)). Suppose 2*u - 68 = -3*r, 6*r = u + 2*r - x. Is u a prime number?
True
Let b(y) = -y**3 + y**2 - 1355. Let j be b(0). Let f = j + 1986. Is f composite?
False
Let w(x) be the first derivative of 288*x**4 - x**3/3 + 5. Suppose -4*q = 3*n + 2*n - 24, -16 = -4*n. Is w(q) composite?
False
Suppose -3*n + 6*n - 4*i = 3579, 4*n = i + 4772. Is n composite?
False
Let w = 11257 + -3226. Is w a composite number?
True
Suppose -d = -3*f - 89, -5*d - 82 = -f - 527. Is d prime?
True
Let w = -5 - -13. Let f(q) = -q**3 - 2*q**2 + 10*q + 2. Let i be f(-4). Let y = i + w. Is y a prime number?
True
Let s = -1560 - -3497. Is s composite?
True
Let d(w) = -w**2 + 2*w - 1. Let y be d(1). Suppose 5*v = 5*u + 147 + 528, y = v - 3*u - 143. Is v*3*(-11)/(-33) prime?
True
Let v(m) = 1033*m + 6. Is v(1) prime?
True
Let z(y) = -480*y**3 + 14*y**2 + 7*y + 1. Is z(-2) composite?
True
Let x be 3 - 0 - (-695)/5. Suppose 3*n - 931 + x = 0. Is n prime?
True
Suppose -2*w + 5*l - 56 = 0, 10 = -7*l + 2*l. Is (w/(-22))/(1/74) a prime number?
False
Let q be 68/18 - (-6)/27. Let c = 10 - q. Is 2894/4 - c/12 a composite number?
True
Suppose -15*b + 18*b = -12, -5*h - 2*b = -130407. Is h a prime number?
True
Let n(b) = -7 + 38*b + 2 - 94*b. Is n(-6) a prime number?
True
Let w = 304 + 253. Is w prime?
True
Let j = -22 - -25. Suppose 0*u + j*s = 2*u - 176, -4*u + s + 342 = 0. Is u prime?
False
Suppose 0 = 12*b - 6*b - 912. Suppose -3*j - 5*d + b = 0, 2*j - 143 = -j + 4*d. Is j prime?
False
Let i be (2/(-8))/((-1)/4). Suppose 5*r - i = 14. Suppose 5*b + 2*c = 3*c + 1614, -4*b + 1295 = r*c. Is b a prime number?
False
Let b = 2685 - -1203. Suppose 6*r - 1638 = b. Is r prime?
False
Suppose 0 = 11*d - 1666 - 1249. Is d a composite number?
True
Suppose -2999 = -2*h - j, 5*h - 4*j = 8427 - 949. Suppose -5*m - 2*k = -8111, -4*m + 2*k + 7976 - h = 0. Is m prime?
True
Let p(m) = m**3 - m**2 + 9*m + 16. Is p(7) a prime number?
True
Let y(b) = -b**3 - 5*b**2 - 8*b - 9. Suppose -2*z + 6 = -18. Let q be ((-40)/z - -3)*15. Is y(q) a prime number?
True
Let o = 4 - 1. Suppose 2*h = 3*h - o. Suppose -2*x - h + 103 = -2*s, 3*s - 132 = -3*x. Is x a composite number?
False
Suppose -4*j + j + 2*b = 3, 4 = -4*j + 5*b. Is 530/j*10/(-20) a prime number?
False
Suppose 86748 = 5*d + q, -7*d + 17340 = -6*d - 3*q. Is d composite?
True
Suppose 0 = 8*k - 36 - 4. Suppose -4*t - 967 = -k*t. Is t prime?
True
Let p = 2 + 0. Suppose 87 = p*d - 27. Let l = -14 + d. Is l a prime number?
True
Suppose d + r + 4*r = 275, r = 3*d - 777. Let m = 511 - d. Is m prime?
True
Suppose -11*k - 198 = -2*k. Is (-525)/154*-46 - 4/k a prime number?
True
Let l = 761 + 39. S